 6 = 0. Let h(c) = -6*c + 31. What are the prime factors of h(u)?
127
Let i = 110 + -93. Let k be (-99)/(-3) + -1*2. Let l = k - i. What are the prime factors of l?
2, 7
Let d(r) = -r**2 - 4*r - 6. Let w be d(-3). What are the prime factors of w/15 + 396/5?
79
Let u = 2515 - 1243. List the prime factors of u.
2, 3, 53
Suppose 0 = l - 4 - 5. Suppose 10 = -x + 50. Suppose l*b - x = 4*b. List the prime factors of b.
2
Suppose -5*m - t + 1866 = 0, -13*m = -15*m - t + 747. List the prime factors of m.
373
Let d = 195 - 105. Let f be (d/(-8))/((-18)/(-48)). Let a = 47 + f. What are the prime factors of a?
17
Suppose -5*f = 2*i - 0*f, -5*f = 10. Let z(a) = 10*a - 11. List the prime factors of z(i).
3, 13
Suppose 0 = -3*s + t - 8, s + 4*t - t = -16. Let q be (s/10)/(1/(-10)). Suppose -q*j - 60 = -4*m, 3*m - m = -3*j + 20. What are the prime factors of m?
13
Suppose -30*f = -25*f - 15. Suppose -216 = -4*t + 4*x, -t - f*x - 2*x = -42. List the prime factors of t.
2, 13
Let z = 133 - 45. Let f = z - 54. List the prime factors of f.
2, 17
List the prime factors of ((-4936)/(-10))/(2 + (-24)/15).
2, 617
Let y(u) = u**3 - u**2 + u - 4. Let n be y(2). Suppose -k + 176 = 5*a, -n*k + 3*a + 334 = 4*a. List the prime factors of k.
2, 83
Let n = 73 - 42. Let x = -16 + n. List the prime factors of x.
3, 5
Let y(s) = -10*s + 15. Let l be y(-8). Suppose 5*j = 5*r + 2*j - 221, -2*r + l = j. What are the prime factors of r?
2, 23
Let m(i) = -2*i**2 - 160*i + 115. List the prime factors of m(-38).
3307
Suppose 11 + 31 = 3*a. Let d = 19 + a. List the prime factors of d.
3, 11
Suppose 3*w - 35 = 229. Suppose 0 = 2*d - 40 - w. Let s = d + -26. What are the prime factors of s?
2, 19
Suppose 3*k = 34 - 1. Suppose 3*o - k - 10 = 0. List the prime factors of o.
7
Let r(v) = v**3 - 8*v**2 + 11*v + 6. Let n be r(8). Suppose -7*d + n = -5*d. Suppose 2*s - d = -9. What are the prime factors of s?
19
Let y = 5990 - 3471. What are the prime factors of y?
11, 229
Let h(s) = 2*s - 13. Let o be h(9). Suppose 6*q - o*q + 277 = 3*b, -2*b - 4*q = -194. List the prime factors of b.
3, 31
Let g be 1/(-3) + (-4)/6. Let o be g*20/4*-1. Suppose 0*k - 150 = -o*k. List the prime factors of k.
2, 3, 5
Let x(i) = i**3 - 3. Let f be x(-4). Let n = 127 + f. What are the prime factors of n?
2, 3, 5
Suppose 0 = -4*c + 3*c - 14. Let i = c + 11. What are the prime factors of 2*(i + 7) - 0?
2
Let g(p) = 170*p - 26. What are the prime factors of g(4)?
2, 3, 109
Suppose 0 = -2*t + 5*i + 278, 3*i + i = -3*t + 417. Let y = -77 + t. What are the prime factors of y?
2, 31
Let d be (2 - 12)*6/(-15). Suppose 4*w - 10 = -w. Suppose d*r = -a + w*a - 9, 5*a = r + 26. What are the prime factors of a?
5
Let v(b) = -6*b + 2. Let f be v(-8). Suppose -u - 4 - 3 = -3*m, 2*u = 2*m + 6. Let h = f - u. What are the prime factors of h?
2, 3, 7
Suppose 0 = t - 5*q - 24, 5*t + 6*q = q. List the prime factors of (t/6*18)/(1/2).
2, 3
List the prime factors of (5 - (-5 - -12))*1767/(-2).
3, 19, 31
Suppose 2*c - 640 = -2*c. Suppose -255 = 5*v + 5*i + c, 5*i = 4*v + 350. Let n = -47 - v. What are the prime factors of n?
2, 19
Suppose -2*f + m + m = -30, 4*f + 2*m - 42 = 0. Suppose 4*n = -2*n + f. Suppose 4*l - 2*i = 178, 4*i - 2*i + n = 0. What are the prime factors of l?
2, 11
Suppose 365 = i - s, i + 5*s + 194 - 589 = 0. List the prime factors of i.
2, 5, 37
List the prime factors of (59*(0 - 1))/(37/(-333)).
3, 59
Let o be (-4)/8*2 - 3. Let b be (o - (-13)/3)*159. Suppose 87 = 2*n - b. List the prime factors of n.
2, 5, 7
Suppose 2 - 4 = n. Let i = 1 - n. Suppose 100 = 4*r + 4*a, -4*a = i*r + 44 - 121. What are the prime factors of r?
23
List the prime factors of (16/((-448)/21))/((-2)/1112).
3, 139
Suppose 11*r + 27 = 115. Let d = r + 52. What are the prime factors of d?
2, 3, 5
What are the prime factors of (-8)/(-2) - -943 - (0 - 5)?
2, 7, 17
Let y(u) = -4*u - 9*u - 4*u. Let d be y(-8). Suppose 0 = 3*i - 5*i + d. List the prime factors of i.
2, 17
Let d(t) = t**3 - 3*t**2 - 3*t + 2. Let i(o) = 2*o**3 - 8*o**2 - 8*o + 5. Let n(v) = 8*d(v) - 3*i(v). Let s be n(-1). List the prime factors of (85/(-20))/s*8.
2, 17
List the prime factors of 11/2*(17 - 3).
7, 11
What are the prime factors of 10/(-35) + 4181/7?
3, 199
What are the prime factors of 12/12*-6 + 331?
5, 13
Let c(g) be the first derivative of -7*g**2/2 - 41*g - 5. List the prime factors of c(-17).
2, 3, 13
Suppose 2*j = -2*o + 14, -2*o - j - 2 + 11 = 0. Suppose -o*l = -0*l - 106. List the prime factors of l.
53
Suppose 1 = -5*y - 39. Let l = y + 13. Suppose l*p + 0*p - 50 = 0. List the prime factors of p.
2, 5
Let z(w) be the second derivative of w**5/20 + 5*w**4/4 + 17*w**3/6 - 5*w**2 + 17*w. List the prime factors of z(-13).
107
Let d(s) = -2*s**3 - 28*s**2 - 33*s + 23. List the prime factors of d(-14).
5, 97
Suppose 2*q - 145 - 5 = 0. Let k = 203 - q. List the prime factors of k.
2
Let y(d) = -5*d**2 - 10*d + 23. Let l(j) = j**2 - j - 1. Let k(s) = -6*l(s) - y(s). What are the prime factors of k(8)?
47
Suppose 0 = -n - n + 5*r + 181, 3*n - 5*r - 259 = 0. What are the prime factors of (n/(-2))/((-3)/4)?
2, 13
Let w(r) = -65*r + 5. List the prime factors of w(-10).
5, 131
Let z(b) = b**3 - 4*b**2 - 7*b + 2. Let a be z(5). Let i be (-16)/((-4)/(a/(-4))). What are the prime factors of 42/8 + (-2)/i?
5
Suppose 0 = -2*g + 78 + 26. Let m(a) = -a**2 + 15*a - 3. Let v be m(15). List the prime factors of (2 + v)/((-2)/g).
2, 13
Suppose 3*v = 12, x + 0*x - 3412 = -v. List the prime factors of x.
2, 3, 71
Let g = -2464 - -3534. List the prime factors of g.
2, 5, 107
Suppose -6 = 2*t, 5*y + 0 = 2*t + 26. Suppose -9*k = -y*k - 100. List the prime factors of k.
2, 5
Let s = 57 + -54. Suppose -824 = -11*i + s*i. List the prime factors of i.
103
Let m(d) = 2*d**2 - 5*d + 7. Let z be (-15 - -9)*1/(-2). Let k be m(z). List the prime factors of k + (-3 - (1 - 3)).
3
Let v be 60/(-40)*8/(-6). Suppose 42 = v*y - 16. Let l = y + -19. List the prime factors of l.
2, 5
Let w(z) = -z**2 + 83*z + 66. List the prime factors of w(47).
2, 3, 293
Let l be 1/(-4)*0 - -348. Let c = l - 152. List the prime factors of c.
2, 7
Let w(o) = -o**3 - 13*o**2 + 10*o + 2. Let a be w(-13). Let y = -66 - a. List the prime factors of y.
2, 31
Suppose 0 = 2*s + 4*n + 4, -2*s + n + 23 = -4*n. List the prime factors of (69/s)/((-5)/(-40)).
2, 3, 23
Let r = 49 + -19. What are the prime factors of (6/4)/(3/r)?
3, 5
Let p = -1077 - -1391. List the prime factors of p.
2, 157
Let f = 389 - -2893. List the prime factors of f.
2, 3, 547
Suppose -21*g + 28*g + 91 = 0. Let f(r) be the first derivative of -r**2 - 6*r + 1. What are the prime factors of f(g)?
2, 5
Let y = -1856 + 2606. List the prime factors of y.
2, 3, 5
Let s be (-38)/(-19)*(0 + -1)/(-1). What are the prime factors of (-8 - (-78)/12) + 101/s?
7
Let l(f) = 6*f**3 + 6*f + 7. Suppose c - 5*c + 20 = 0. Let o(g) = -7*g**3 - g**2 - 6*g - 7. Let r(u) = c*o(u) + 6*l(u). What are the prime factors of r(5)?
37
Let j be -325*(-2 - (-24)/20). Let l = 185 - j. Let k = -40 - l. List the prime factors of k.
5, 7
Let a(w) = -3*w - 6. Let l = -29 + 13. Let j = l + 9. List the prime factors of a(j).
3, 5
Suppose -2*h = -2*f - 3*f - 13, 4*f - 12 = -4*h. Let n = f - -6. Suppose -4*q - q - 5*v = -100, -2*v = n*q - 112. What are the prime factors of q?
2, 3
Let s be ((-3)/(-1) + -3)/1. Let u be (-24 + 1)*(s + -1). Suppose 0 = -0*i - i + u. What are the prime factors of i?
23
Suppose 2*j = 3*s - 10, -s = -5*j - 4 + 5. Suppose -j = 3*v - 19. List the prime factors of v.
2, 3
Let q be ((-36)/(-30))/3 - 56/(-10). Suppose 2*s = 4*z - 630, 4*z - 624 = -q*s + 2*s. List the prime factors of z.
157
Suppose 0 = -0*u - 5*u - 175. Let k be 542 + 2/2*0. List the prime factors of k/14 + (-10)/u.
3, 13
Let j = -1995 + 2894. List the prime factors of j.
29, 31
Let u = 64 - 56. Suppose u*z = 3*z + 245. List the prime factors of z.
7
Let j(y) = -y**3 + 4*y**2 + 7*y + 20. List the prime factors of j(-11).
2, 3, 293
Let k(h) = -31*h - 60. What are the prime factors of k(-32)?
2, 233
Suppose 484 = 3*p - 7*p. Let r = p - -200. List the prime factors of r.
79
Let z be 67/(-3) + (-8)/12. Let r = z - -17. List the prime factors of -3 + (-3)/(r/106).
2, 5
Let u(p) = -p**3 + 22*p**2 - 20*p - 18. Let n